o be x(9). Calculate the highest common factor of o and 5.
5
Let f(i) = i**3 + 2*i**2. Suppose 4 = -a - 2*a + 5*t, 4*t = 4*a. Let w be f(a). What is the greatest common divisor of w and 40?
8
Let t be (-3)/(2 - 219/111). Let p = t - -161. Suppose -5*w + p = 2*q, 0 = -2*w + 5*w - 4*q - 56. Calculate the greatest common divisor of 30 and w.
6
Let q(f) = f**2 - 4*f + 6. Let s be q(4). Let n = -14 + 10. Let i(p) = p**2 - 3*p - 4. Let m be i(n). Calculate the greatest common factor of m and s.
6
Let v(w) = -w**2 + 6*w + 14. Let a be v(7). What is the greatest common divisor of 63 and a?
7
Suppose -s + 308 = s. Calculate the greatest common divisor of s and 14.
14
Suppose 0 = 4*x - 23 - 185. Suppose -z + 5*z - 142 = -5*d, 4*z = -2*d + x. Suppose g = -3*g + 24. What is the highest common factor of d and g?
6
Suppose 4*d - 4 = -5*z, 2 = 4*d - 2. Suppose z = 4*h - 5*f - 47, 2*h + 4*f - 7 = -3. Calculate the highest common factor of 16 and h.
8
Let t be (-3 + -2*(-19)/4)*8. What is the greatest common divisor of t and 208?
52
Let d = 1382 - 660. Let g = d + -480. Calculate the greatest common factor of g and 22.
22
Let y be ((-3*8)/(-4))/1. What is the greatest common divisor of y and 66?
6
Let i(k) = k - 5*k - 9 + 1 + k. Let n be i(-4). What is the highest common divisor of 32 and n?
4
Let y be (132/(-2))/2*38/(-57). What is the greatest common divisor of y and 88?
22
Let f be -3 + 2/(-1) + 1. Let y = 2 + f. Let r be 24/y*4/(-6). Calculate the highest common factor of r and 80.
8
Suppose 4*b - 19 = -3*z + 8*b, -2*z + 5*b + 1 = 0. Let u = z + 43. Let h(p) = 2*p. Let c be h(4). What is the greatest common divisor of u and c?
8
Suppose -u + 2 = m, 0 = -6*u + 3*u - 5*m + 6. What is the highest common factor of u and 14?
2
Let c = 68 - 47. Let g be 105/33 + (-2)/11. Calculate the greatest common factor of g and c.
3
Let w = 168 - 83. Calculate the greatest common divisor of 17 and w.
17
Let c(j) = 11*j + 1. Let h be c(1). Calculate the highest common factor of h and 96.
12
Let b be (22/6)/((-1)/(-15)). Let a(i) = i**3 + 12*i**2 - 2*i + 3. Let m be a(-9). Let l be (1/2)/(6/m). Calculate the greatest common factor of b and l.
11
Suppose -2*x - 3*x = -25. What is the greatest common divisor of 2 and x?
1
Let d(o) = -o**3 - 4*o**2 + 5*o + 3. Let n = 8 + -4. Let y be d(n). Let l = y + 155. Calculate the highest common divisor of 25 and l.
25
Suppose 0 = -4*f + 2 + 6. Let z = -5 - -5. Suppose -4*p + 5 - 1 = z. Calculate the highest common factor of p and f.
1
Suppose -5*f - 4*r + 1920 = 0, 3*f - 1536 = -f + 5*r. Suppose -7*j + 4*j = -o + 68, -5*o + f = -4*j. What is the greatest common factor of o and 10?
10
Let b(p) = p**2 + 13*p - 34. Let y be b(-16). Let n(g) = -22*g + 7. Let a be n(6). Let x = a - -181. Calculate the highest common factor of y and x.
14
Suppose -23 - 48 = -5*u - 3*q, 2*u = 4*q + 44. Let k be 3/2*u + 2. Calculate the highest common divisor of k and 208.
26
Suppose 29*a + 225 = 1791. Suppose -5*h - 1 = -4*b - 0, 0 = -2*b - 4*h + 20. Suppose -b*q + 3*q + 6 = 0. What is the greatest common factor of a and q?
6
Let n be 4/(-6) + 200/3. Calculate the highest common factor of n and 132.
66
Let w be (-2)/(-1*2 - -4). Let o(d) = d + 1. Let m(i) = 11*i + 8. Let j(y) = w*m(y) + 6*o(y). Let q be j(-4). What is the highest common factor of q and 2?
2
Let o be 3147/15 + 1/5. Let t = 44 - 23. What is the greatest common divisor of t and o?
21
Let o be 2/(-5) - (-3240)/100. What is the greatest common factor of 8 and o?
8
Suppose 3*z = 3*l - 9, 3*l = -3*z + 4 - 1. Let v be 1*1*88/l. Calculate the highest common divisor of 11 and v.
11
Let d(s) = s**3 + 20*s**2 - 23*s - 6. Let y be d(-21). What is the greatest common factor of 12 and y?
12
Suppose 2*d - 6*d = 8. Let l be -4*d/(24/3). Calculate the highest common factor of l and 1.
1
Let s be -3 + 1 - 10/(-1). Let k = s - -22. Calculate the greatest common divisor of 20 and k.
10
Let x = 36 - 26. Suppose -k + 3 = 0, 3 = 2*r + 3*k - x. Calculate the greatest common factor of 22 and r.
2
Let n(l) = -l**3 + 8*l**2 + 2*l - 11. Let c be n(8). Suppose r + 3*r = -c*h + 69, 2*r + h = 27. Calculate the greatest common divisor of 88 and r.
11
Suppose -2*v = 2*c - 1 - 3, 0 = 5*c - 5*v - 30. Suppose -2*u = -3*u + 5. Let y(j) = j - 3. Let f be y(u). Calculate the highest common divisor of f and c.
2
Let s(x) = -x + 9. Let l be s(-7). What is the highest common divisor of 128 and l?
16
Let n(t) = t + 5. Let u be n(-5). Suppose -6 = -r - 3*r - 2*m, -5*r - 3*m + 5 = u. Let c be (0 + -18)*(-1 - 1). What is the greatest common factor of r and c?
4
Let q be (-9)/(-4) - (-11)/(-44). Suppose 4*o - 38 = -u, -4*u - q*o = -3*o - 118. Let n be ((-13)/7 + 1)*-14. What is the greatest common factor of n and u?
6
Let u = -123 + 244. Let b = -61 + u. What is the greatest common factor of 15 and b?
15
Let y = 7 - 7. Suppose -5*x - 49 - 56 = y. Let v = 30 + x. What is the highest common divisor of 27 and v?
9
Let l be 16 - ((2 - 2) + 0). Let j(k) = 17*k - 4. Let g be j(4). Calculate the greatest common factor of l and g.
16
Let u(y) = -y + 9. Let z be u(7). Suppose -z*q - q + 84 = 0. Calculate the greatest common divisor of q and 7.
7
Let b(f) = -f**2 + 8*f + 8. Let p be b(7). Calculate the highest common factor of 165 and p.
15
Suppose -1457 = -5*w + 3*j, -4*j = 2*w - 8 - 580. Suppose -3*c + c + 8 = 0. Let l be c/6 - w/(-3). What is the highest common divisor of l and 14?
14
Suppose h - 10 = 3*i - 2, -5*i = -5*h + 20. Let n = -7 + 21. What is the highest common divisor of n and h?
2
Suppose 5*t - 45 = 2*t. Suppose 396 = 5*n - 2*n - 3*z, -5*n = z - 678. What is the greatest common factor of n and t?
15
Suppose 0 = 4*u + 5*l - 16 - 13, 0 = 3*u + 2*l - 20. Suppose -2*c = -c - u. Calculate the highest common factor of 4 and c.
2
Let n = -22 - -50. What is the greatest common factor of n and 14?
14
Suppose 26 + 74 = 4*m. Suppose 0*q - 512 = -5*x + 3*q, x + q = 96. What is the highest common divisor of x and m?
25
Let c = 16 - 12. Suppose 3*f - 15 = -3*l + 45, 16 = c*l. What is the highest common divisor of f and 40?
8
Suppose 2*m + i - 10 = 0, 4*m + i = 29 - 7. Let w be (-508)/(-14) - 4/14. Let v = 90 - w. What is the greatest common divisor of v and m?
6
Let a = 59 + -42. What is the highest common factor of a and 187?
17
Let w be (-3)/2*(-2)/3. Let q be (0 - -2) + w + 3. What is the highest common factor of q and 24?
6
Let w = 3 + 9. Suppose h + 0*h + t = 19, -5*h + 87 = 3*t. Suppose 4*k - 63 = -h. What is the highest common divisor of k and w?
12
Let p(h) = -3*h - 15. Let b be p(-11). Calculate the greatest common factor of 12 and b.
6
Let j = 34 + -23. What is the greatest common divisor of j and 1?
1
Suppose -4*b + 1844 = -0*b. Suppose 3*x + 1315 = -2*x. Let r = x + b. What is the highest common divisor of r and 18?
18
Let b be (-18)/15*(-80)/6. Suppose -3*a + 0*y + 8 = -4*y, -3*a + b = -2*y. Calculate the greatest common divisor of a and 12.
4
Let n = -23 + 53. Calculate the highest common factor of 270 and n.
30
Let u be (-5)/(-2)*(1 - -5). Let d = u - 9. Calculate the highest common factor of d and 48.
6
Let u be ((-4)/(-5))/((-8)/(-320)). What is the highest common divisor of 8 and u?
8
Suppose 0 = 5*c + 28 - 133. What is the greatest common factor of c and 21?
21
Let o be 32*(-1 + 2) - 0. Let r be (3 - 10/4)*16. What is the greatest common factor of o and r?
8
Let o be 224/(((-6)/4)/(-3)). Calculate the highest common factor of o and 56.
56
Suppose 8*w + 2*w = 1080. What is the greatest common divisor of 72 and w?
36
Suppose 5*g - 10 = -0*g. Suppose -5*j + 2*j + 174 = g*k, 0 = j + k - 57. What is the highest common divisor of j and 15?
15
Suppose -9*f = -4*f + 90. Let l be (-144)/f - (1 - -1). Let r be (0 + (-1 - -2))*15. What is the greatest common factor of l and r?
3
Suppose -3*z - 4*q + 35 = -0*z, -q = -5*z + 20. Suppose 2*g + y - 2 = 4, z*y = 5*g. What is the highest common divisor of 16 and g?
2
Suppose -2*a - 2*a + 204 = 0. What is the greatest common factor of 17 and a?
17
Let d(w) = -17*w - 38. Let o be d(-10). Calculate the highest common divisor of 12 and o.
12
Let t = -13 + 26. Calculate the greatest common divisor of 117 and t.
13
Suppose 2*t - 1 = -3*p, 0*p - 4*t = 3*p + 7. Calculate the greatest common factor of 3 